and b?
14
Let u(s) = -s**3 - s**2 - 2*s - 2. Let t be u(-3). Suppose -2*f = -134 - 130. Suppose 7*z - z - f = 0. What is the highest common divisor of z and t?
22
Let r be 12/5 + 9/15 + 20. Suppose 343 = 2*b + 5*f, 716 = 4*b + 3*f + f. Calculate the highest common factor of r and b.
23
Let d be 111/9 + (16/(-12) - -1). Let q(g) = -g**2 - 9*g - 2. Let w be q(-6). What is the highest common factor of d and w?
4
Let m be 4/(-9)*66*-12. Suppose 0 = -7*j + 3*j + m. Calculate the greatest common divisor of j and 22.
22
Let v be (-6)/4 + (-3)/(-2). Suppose v*g = -6*g + 216. Calculate the greatest common factor of g and 18.
18
Suppose 2*n - x = 3, 2*n - 2*x = -19 + 21. Calculate the highest common factor of n and 568.
2
Let r be ((-20)/2)/(0 + -1). Let j be (298/(-10) - 2/r)/(-2). What is the greatest common factor of 6 and j?
3
Suppose -55 - 63 = -2*p. Suppose i - 104 = -4*d, -i = -0*d + d - 95. Let t = i - p. What is the highest common divisor of t and 3?
3
Suppose -4*v + 3*v - 160 = -4*o, 2*v = -2*o + 90. Let k be (1 - 0)*(-4797)/(-13). What is the greatest common factor of k and o?
41
Suppose 0 = r + 3*r - 1200. Suppose -3*y - 48 = -w, -5*w + 3*y + r = -0*w. Calculate the highest common divisor of 9 and w.
9
Let x be 5 + 27 - (0 - 0). Suppose -z + 23 = 3*p, -39 = p - 6*p - z. What is the greatest common factor of p and x?
8
Let t(j) = j**2 + 23*j + 38. Let v be t(-21). Let q be 27/1 + (-1 - -4) + v. What is the highest common divisor of 65 and q?
13
Suppose 306 - 315 = -3*x. Calculate the highest common factor of 10 and x.
1
Suppose -2*b + 263 = 3*b + 3*d, 2*b = -2*d + 102. Suppose -5*q + 86 = 4*a, 0*q - 3*q + a + b = 0. What is the highest common divisor of q and 18?
18
Let r be ((-52)/(-12) - 4)/(2/12). Suppose -5*b + 0*b + 55 = -5*u, 2*b - 10 = -r*u. What is the greatest common factor of 1 and b?
1
Let z be (-1 + -30)*3/(-3). Let v = -30 + 40. Let f be 4 - 55/v*-50. What is the highest common factor of z and f?
31
Let w be 395 + 5/(5/1)*1. Calculate the highest common divisor of 88 and w.
44
Let k(z) = 19*z**2 + 3*z + 5. Let g be k(-2). Suppose 0 + 3 = c. Suppose -5*t + 3*t = c*u - 72, -t = u - 34. Calculate the greatest common factor of g and t.
15
Let u(k) = k**2 + 12*k + 3. Let f be u(-12). Suppose 0 = -f*q + 12 + 129. Let p = q - -49. Calculate the greatest common factor of 12 and p.
12
Let s(h) = -9*h. Let p be s(5). Let c be p*1/((-4)/(-4)). Let o = 85 + c. What is the highest common divisor of o and 8?
8
Let b(u) = -5*u + 47. Let j be b(6). Calculate the greatest common factor of j and 17.
17
Suppose 5*q - 15*q + 580 = 0. What is the greatest common divisor of q and 377?
29
Suppose -573 + 124 = -j - 5*a, -3*a - 1888 = -4*j. What is the highest common factor of 67 and j?
67
Let a = 34 + -24. Suppose -j + 5*l = 3*l - 12, -2*l - 2 = 4*j. What is the highest common factor of a and j?
2
Let o be 56/70 + (-422)/(-10). Suppose 4*n = 3*k + 51, -5*n - 2*k - 8 = -o. Let p = 146 - 101. What is the highest common factor of p and n?
9
Suppose -2*d - 6 = -2*j - 3*j, 0 = j + d - 4. Suppose 5*y + 5 = 0, -7*a + j*a + 101 = -y. Calculate the greatest common divisor of 5 and a.
5
Let t(f) = -7*f + 6. Let w be t(-3). Calculate the highest common divisor of 135 and w.
27
Let s = -113 - -147. Calculate the highest common divisor of 17 and s.
17
Let d be (-27)/((-36)/240*4). Calculate the highest common factor of d and 255.
15
Suppose -7 = -2*q + 2*b + 1, 5*b = 4*q - 19. Suppose 4*o - 55 = 2*m - q, -25 = -2*o + 3*m. Calculate the highest common factor of 28 and o.
14
Suppose 27*s + 9*s - 468 = 0. Suppose -33 = 3*x - 6*x. Suppose -z = 2*u - x, 3*z + 3*u = -2*z + 62. Calculate the highest common factor of z and s.
13
Let o = 4565 + -3157. Calculate the highest common divisor of 22 and o.
22
Suppose 10*s = -13*s + 207. What is the greatest common factor of s and 45?
9
Let i = -8 + 11. Suppose -73*u - 2*c = -68*u - 10, 5*c + 8 = 4*u. What is the greatest common divisor of u and i?
1
Suppose o + 0 + 10 = -5*x, -2*o + 13 = -x. Suppose 17 = 2*v + o. What is the greatest common divisor of 78 and v?
6
Let a be 45/(-10) + (-3)/(-6). Let r be (35/14)/((-2)/a). Suppose -r*j + 2*j + 4*p = -12, 5*p + 25 = 5*j. Calculate the highest common factor of 2 and j.
2
Suppose -2*a + 9 = a. Let i = 97 - 67. Suppose -i = f - a*f. Calculate the greatest common divisor of 6 and f.
3
Suppose 44*h - 8546 = -3046. What is the highest common factor of 50 and h?
25
Suppose -34 = -5*i + 2*l + l, -4*l - 32 = -4*i. Suppose b - i = -13. Let w = b + 21. What is the greatest common divisor of w and 117?
13
Let x(h) = -h**3 + 5*h**2 + 3*h - 11. Let i be x(5). Suppose 2*v - 96 = -i*c, 2*v + v - 4*c - 124 = 0. What is the greatest common divisor of v and 66?
22
Suppose 9*j = 13*j - 20. Calculate the greatest common divisor of 9 and j.
1
Let h be ((-2)/2)/((-2)/8). Let f = 701 + -771. Let s be h/8 + f/(-4). What is the highest common divisor of s and 2?
2
Suppose 3*t = -18*u + 17*u + 2, t = 4*u - 21. Calculate the greatest common factor of 5 and u.
5
Suppose -12*q + 108 = 84. Calculate the greatest common divisor of q and 50.
2
Let t = 4677 - 4668. Suppose -m + 27 = 2*m. Calculate the highest common divisor of m and t.
9
Let a = 877 - 856. What is the highest common factor of a and 77?
7
Let z = -69 - -78. Let i be (z/6 - 2)/(2/(-44)). What is the highest common factor of i and 44?
11
Let q(f) = f**3 - 19*f**2 - 17*f + 28. Let t be q(20). What is the highest common divisor of t and 56?
8
Let z be (2/(-6))/((19/156)/(-19)). Calculate the greatest common factor of z and 130.
26
Let q = -67 + 67. Let p(h) = -h**2 + 41. Let c be p(q). What is the greatest common factor of 328 and c?
41
Let s = 732 - 389. Suppose -s = -5*x + 17. Calculate the greatest common divisor of 16 and x.
8
Suppose 153*a - 12078 = 144*a. What is the highest common factor of 22 and a?
22
Suppose -5*r + 0 + 20 = 0. Suppose 4*q + q = r*g + 135, q = -5*g + 27. Let l be ((-1)/(-3))/(1/27). What is the greatest common factor of q and l?
9
Suppose 0*g + g = -5*d + 81, d = 3. Calculate the greatest common factor of 22 and g.
22
Suppose -2*i + 4*o + 36 = 0, -6*i = -10*i - 5*o + 7. Calculate the highest common factor of 72 and i.
8
Let a(c) = c**3 + c**2. Let i = -99 + 102. Let x be a(i). What is the greatest common divisor of x and 24?
12
Let s(r) = r**2 - 9*r + 35. Let p be s(9). Suppose 5 - 19 = -2*m. What is the highest common divisor of p and m?
7
Let r = -72 + 104. Suppose -4*f + 5*l + r = 0, 3*f + 2*l - 55 = -2*l. Calculate the highest common factor of f and 91.
13
Let f be 25/2 - 1/2. Let v be 21/((-63)/12)*-30. What is the highest common factor of f and v?
12
Let y = -523 - -532. What is the greatest common factor of y and 9?
9
Suppose 3*l + 6 = -2*w - l, 2*l - 6 = -4*w. Suppose -i + 57 = w*k, -5*k + 89 = 5*i - 6. Calculate the highest common divisor of 76 and k.
19
Let u be (-2 + 4)/(2/3). Let b(h) = 3*h**2 - h - 2. Let a be b(u). Let f = 20 - -35. What is the highest common divisor of f and a?
11
Suppose 12*x = 8*x + 260. Let d be 2 + (3 - (-2 - -3)). Suppose -67 = -d*m + 37. What is the highest common divisor of m and x?
13
Suppose 63*n = 57*n + 3078. Calculate the greatest common factor of n and 114.
57
Let i(t) = 21*t**2 - 33*t - 226. Let z be i(-6). Calculate the greatest common factor of 32 and z.
8
Suppose -4*i + 20 = -4*u, 0 = 2*i + 2*i - 3*u - 18. Suppose -3*l - 2*l = i*h + 19, -l - 1 = 2*h. What is the highest common divisor of h and 2?
2
Let i = -1047 + 2327. Suppose 5*l + 4*v = -v + i, -4*l = -v - 1049. Suppose -4*g - 53 = -l. Calculate the highest common divisor of 26 and g.
26
Suppose 0 = -0*m - 2*m + 850. Suppose 5*z - 1460 + m = 0. Suppose 8*b - 138 = 2*b. Calculate the highest common divisor of z and b.
23
Suppose 3*c - 775 = -2*z, -5*z + 478 + 312 = 3*c. What is the greatest common divisor of 15 and c?
15
Let a be (-2 + -4)*(-66)/4. Let o be (-482)/2651 - (606/22)/(-3). What is the highest common factor of o and a?
9
Let a(l) = -11*l - 155. Let i be a(-16). What is the greatest common divisor of 483 and i?
21
Let c = -235 + 299. What is the highest common divisor of 16 and c?
16
Let j = -1757 - -1987. What is the greatest common divisor of 368 and j?
46
Suppose -2*j + d - 108 = 0, -d = -j + 6*j + 277. Let b = 